= f. Calculate the highest common factor of t and v.
4
Let f(l) = l + 22. Let r be f(-11). Let b = r - 1. Calculate the highest common factor of b and 110.
10
Let w = -13 + 18. Suppose -4*x + 595 = w*q, -3*x + 3*q - 24 + 477 = 0. What is the greatest common divisor of 30 and x?
30
Let p(s) = s**2 - 4*s - 9. Let d be p(7). Calculate the highest common factor of 12 and d.
12
Let n be (-1)/(2/3)*-30. Suppose 0 = 2*m - 3 + 1. Let v be m/2*(17 - -1). Calculate the highest common factor of v and n.
9
Let o be 6*2/(2/1). Let k(h) = -h**3 + 7*h**2 - 5*h - 3. Let z be k(o). Calculate the greatest common divisor of z and 27.
3
Let i = -62 + 304. What is the greatest common divisor of i and 22?
22
Let i = 10 + -7. Suppose -11*f + 9*f = -12. What is the highest common divisor of i and f?
3
Let j(f) = 4*f + 10. Let g be j(5). Calculate the greatest common divisor of g and 70.
10
Let j(q) = q**2 - 4. Let l be j(3). Suppose 0 = -0*r + l*r - 35. Let s(c) = 2*c - 6. Let t be s(r). Calculate the highest common divisor of 64 and t.
8
Let g be (-84 + 0)*(-30)/20. Let c = 11 - -7. Calculate the greatest common divisor of c and g.
18
Suppose -k + 5*c = 3*k - 84, -63 = -3*k - 4*c. What is the greatest common divisor of 147 and k?
21
Suppose 0*q + 3*f - 18 = -q, 48 = 4*q + 4*f. Let a be ((-190)/6)/((-3)/q). Let k be (-55)/(-3) - (-24)/36. What is the greatest common factor of k and a?
19
Let t(g) = 13*g**2 - 29*g - 18. Let y(r) = 7*r**2 - 15*r - 9. Let w(n) = 6*t(n) - 11*y(n). Let s be w(11). Calculate the greatest common divisor of 13 and s.
13
Suppose -5*t - 140 = -5*a, 3*a + 0*t - 4*t - 79 = 0. What is the greatest common factor of 33 and a?
33
Suppose 0 = 5*q - 6 - 4. Let c be q/6 - 38/(-3). Suppose -3*p + 43 = c. What is the highest common divisor of p and 40?
10
Let t be (10/(-4))/((-2)/8). Calculate the greatest common divisor of 2 and t.
2
Let u be (-5022)/(-33) + 4/(-22). Let n = -8 - -13. Suppose n*w = -g + 100, 5*w + 2*g = -0*g + 105. Calculate the highest common factor of u and w.
19
Let c = 21 + -14. Let j(b) = b**2 - 7*b + 2. Let w be j(c). Let x be (0 - (-1 - w)) + 5. What is the greatest common factor of 64 and x?
8
Suppose c = -4*a + 5*c + 48, -2*a + 28 = -4*c. Suppose -3*i + 64 = -b, 3*i = -b + 4*b + 72. What is the greatest common factor of i and a?
10
Suppose g - 5 = -0. Suppose 0 = 3*v - 25 - g. Suppose 0 = -2*y - a - 4*a + 70, 0 = y - a - 42. What is the highest common divisor of y and v?
10
Suppose 3*v - 73 = 5*w, 58 = 3*v + 5*w + 5. Suppose 0 = -0*f - 4*f + 4*z + 28, 2*z = -3*f + v. What is the highest common factor of 7 and f?
7
Suppose -4*k + 7*c + 40 = 3*c, -29 = -2*k - c. What is the highest common factor of 26 and k?
13
Let a(g) = -g**3 + g**2 + 6*g + 3. Let p be a(-2). Let s = 52 + -37. What is the highest common divisor of s and p?
3
Suppose -l + 223 = 5*h + 4, -3*h + 134 = -2*l. Suppose -440 = 6*v - 10*v. Calculate the highest common factor of h and v.
22
Let l = 124 + -80. Let j = l - 28. What is the greatest common divisor of j and 8?
8
Suppose 2*n + 3*n - 88 = -2*q, 4*n = -4*q + 80. Suppose -i + 2*o + 22 = 4*i, -i = -4*o - 8. Calculate the highest common divisor of i and n.
4
Suppose 2*c - c = 21. Let h be (-3)/(c/6 - 2). Let g be h + 55 + 4 + -2. What is the greatest common divisor of 5 and g?
5
Let o(t) = -t**3 + 5*t + 3 - t**2 + 2*t**2 - 2*t**2 - 1. Let m be o(-3). Calculate the highest common divisor of 55 and m.
5
Let h(d) = 11*d**3 + d**2 - d + 1. Let c be h(1). Calculate the greatest common divisor of c and 4.
4
Let p(z) be the second derivative of z**4/12 - z**3/2 + z**2/2 + 3*z. Let n be p(6). Calculate the highest common factor of 95 and n.
19
Let b(f) = f - 1. Let k be b(2). Let t be 16/9 + 4/18. What is the greatest common divisor of t and k?
1
Suppose 5*d + 3*r - 15 - 10 = 0, -42 = -4*d + 2*r. What is the greatest common divisor of 8 and d?
8
Let g be (-2)/4*(8 - -2). Let v be g/(-2)*20/25. Let u be v/(-11) - (-624)/44. Calculate the greatest common factor of u and 126.
14
Suppose -4*x + x = -69. Let d = 500 + -293. What is the greatest common factor of x and d?
23
Let h(o) = 3*o - 40. Let c be h(14). Suppose 3*y - 54 = -0*y. Calculate the greatest common divisor of y and c.
2
Let u be -2*(-2 - 3 - -3). Suppose 4*d = 8*l - 3*l + 38, 4*d = u*l + 36. Calculate the highest common factor of 7 and d.
7
Suppose -2*r + 46 = 4*y, 4*y + 9*r - 49 = 4*r. Let t = y - 5. Calculate the greatest common factor of 6 and t.
6
Let f(m) = m**2 - 3*m - 7. Let v(s) = -s**2 - 6*s - 2. Let j be v(-3). Let l be f(j). Calculate the greatest common factor of 7 and l.
7
Let f = -7 + 11. Suppose f*k - 3 - 25 = 0. Let u(i) = i + 10. Let y be u(-3). What is the greatest common divisor of y and k?
7
Let i be 20*6/10*1. What is the highest common factor of i and 12?
12
Let h(j) = 3*j + 1. Let d be h(10). Let r be (-1 - 2) + d + -5. Suppose 0 = -2*l + r + 9. What is the greatest common divisor of l and 4?
4
Let z(p) = 8*p - 1. Let b be z(3). Suppose -2*a + 5*k + 14 = -b, -a - 3*k = -24. What is the highest common factor of a and 14?
7
Suppose -5*z = -221 - 139. Suppose 0*h + 5*h = -105. Let v be (z/42)/((-2)/h). Calculate the highest common factor of v and 18.
18
Let q = -148 - -156. Calculate the highest common divisor of 6 and q.
2
Suppose 7*t - 18 = 4*t. What is the highest common divisor of t and 48?
6
Suppose -3*a - a = 4. Let d be (26/(-10) - a)*-15. What is the highest common divisor of 16 and d?
8
Let k = 80 + -73. What is the highest common factor of 1 and k?
1
Let b be ((-50)/(-6) - 5)/((-3)/(-153)). Calculate the greatest common divisor of b and 10.
10
Suppose 6*a = 7*a + 2. Let x = a - -13. Calculate the greatest common divisor of 22 and x.
11
Let j be (2 - 2) + 5 - -3. Calculate the highest common divisor of j and 12.
4
Let p(g) = g**2 + 2*g - 6. Let h be p(-6). Suppose 8 = 5*u - 2. Suppose u = a - 2*i, 3*a + 0*i - 3*i - 21 = 0. Calculate the highest common divisor of h and a.
6
Let c be ((-70)/252 + (-2)/9)*-156. What is the highest common divisor of c and 26?
26
Suppose 0 = -4*p + 1 + 299. What is the highest common factor of p and 30?
15
Let m(y) = -3*y - 4. Let v be m(-3). Suppose 0 = v*h + 18 - 48. Calculate the highest common factor of 18 and h.
6
Let b(d) = -d**3 + 10*d + 2. Let v be b(-5). Calculate the highest common divisor of v and 11.
11
Suppose -6*q = -8*q + 10. Suppose -q*z + 58 = -7. What is the greatest common divisor of 39 and z?
13
Suppose -5*j = -5*l - 175, l + 15 = -5*j + 166. Let n = j + -6. Calculate the highest common divisor of 200 and n.
25
Suppose -5*o + 31 = -49. What is the greatest common factor of o and 12?
4
Suppose 0 = -g - 3*w + 1129, 4*g - 1048 = -w + 3435. Let b be (24/(-5))/((-21)/g). What is the highest common factor of b and 32?
32
Let v be ((-3)/(-4))/(38/(-8) - -5). Calculate the highest common divisor of v and 24.
3
Let v = -98 - -102. What is the greatest common factor of 4 and v?
4
Let y(p) = 5*p**2 + 4*p - 1. Let w be y(-2). Let r = -19 + 32. Let i = r - -20. Calculate the highest common factor of w and i.
11
Let l = 94 - 90. What is the greatest common factor of 32 and l?
4
Let h(q) = 12*q**2 - 2*q + 3. Let l be h(2). Suppose -73 = -2*x + l. Suppose -4*r - x = -228. Calculate the greatest common divisor of r and 28.
14
Let q be (1 + (1 - 1))*34. Let d = 49 - q. Calculate the greatest common factor of 3 and d.
3
Suppose 2*g + 92 = 5*l - 2*g, -l + 25 = -3*g. Let u = -13 + l. Calculate the highest common divisor of 1 and u.
1
Let m(z) = -z**3 + 3*z**2 + 5*z - 1. Let w be m(4). Suppose -w*g - 88 = -4*g. What is the highest common factor of g and 11?
11
Let m be (0 - 84/9)*15/(-10). Calculate the highest common divisor of 2 and m.
2
Suppose 0*z + 4*z = 24. Suppose 2*t - z = t. What is the highest common factor of 30 and t?
6
Let i(s) = s**3 - 11*s**2 - 13*s + 9. Let a be i(12). Let p(m) = -10*m + 2. Let b be p(a). Calculate the highest common divisor of 8 and b.
8
Let d be (23/4)/((-1)/(-4)). Suppose 5*v = 17 + d. Let z = -30 - -62. Calculate the greatest common divisor of z and v.
8
Let m(i) be the third derivative of i**5/60 + i**4/24 + i**3/3 - 2*i**2. Let d be m(-6). Calculate the greatest common divisor of 64 and d.
32
Let p(a) = 0*a + 7*a - 3*a. Let q be p(-3). Let s = q - -27. Calculate th